rime factors of 15975.
3, 5, 71
What are the prime factors of 57682?
2, 151, 191
List the prime factors of 106122.
2, 3, 23, 769
What are the prime factors of 3979?
23, 173
What are the prime factors of 10953?
3, 1217
List the prime factors of 871.
13, 67
What are the prime factors of 15785?
5, 7, 11, 41
List the prime factors of 4503.
3, 19, 79
List the prime factors of 81222.
2, 3, 13537
List the prime factors of 24279.
3, 8093
List the prime factors of 222.
2, 3, 37
What are the prime factors of 2586?
2, 3, 431
What are the prime factors of 15985?
5, 23, 139
What are the prime factors of 8316?
2, 3, 7, 11
What are the prime factors of 1845?
3, 5, 41
List the prime factors of 932.
2, 233
List the prime factors of 1171.
1171
List the prime factors of 457.
457
What are the prime factors of 1035?
3, 5, 23
List the prime factors of 2017.
2017
What are the prime factors of 59?
59
What are the prime factors of 1886?
2, 23, 41
List the prime factors of 2644.
2, 661
List the prime factors of 8517.
3, 17, 167
List the prime factors of 13763.
13763
List the prime factors of 25592.
2, 7, 457
What are the prime factors of 1201?
1201
List the prime factors of 2421.
3, 269
What are the prime factors of 35503?
13, 2731
List the prime factors of 15550.
2, 5, 311
List the prime factors of 753.
3, 251
What are the prime factors of 1711?
29, 59
What are the prime factors of 2071?
19, 109
What are the prime factors of 3962?
2, 7, 283
What are the prime factors of 22083?
3, 17, 433
What are the prime factors of 1623?
3, 541
List the prime factors of 7797.
3, 23, 113
What are the prime factors of 4906?
2, 11, 223
What are the prime factors of 18229?
18229
List the prime factors of 1014.
2, 3, 13
List the prime factors of 3427.
23, 149
List the prime factors of 10880.
2, 5, 17
What are the prime factors of 87377?
23, 29, 131
List the prime factors of 50569.
61, 829
What are the prime factors of 7211?
7211
What are the prime factors of 14682?
2, 3, 2447
What are the prime factors of 83723?
29, 2887
List the prime factors of 2690.
2, 5, 269
List the prime factors of 2506.
2, 7, 179
What are the prime factors of 1981?
7, 283
List the prime factors of 642.
2, 3, 107
List the prime factors of 3456.
2, 3
List the prime factors of 3022.
2, 1511
What are the prime factors of 1840?
2, 5, 23
What are the prime factors of 5822?
2, 41, 71
What are the prime factors of 29488?
2, 19, 97
What are the prime factors of 2273?
2273
What are the prime factors of 4133?
4133
What are the prime factors of 1462?
2, 17, 43
List the prime factors of 34924.
2, 8731
List the prime factors of 98846.
2, 11, 4493
List the prime factors of 3258.
2, 3, 181
List the prime factors of 6701.
6701
List the prime factors of 41660.
2, 5, 2083
List the prime factors of 187.
11, 17
List the prime factors of 1251.
3, 139
List the prime factors of 2120.
2, 5, 53
What are the prime factors of 4861?
4861
What are the prime factors of 7997?
11, 727
List the prime factors of 44557.
17, 2621
What are the prime factors of 7645?
5, 11, 139
What are the prime factors of 21351?
3, 11, 647
List the prime factors of 4088.
2, 7, 73
List the prime factors of 3389.
3389
List the prime factors of 994.
2, 7, 71
What are the prime factors of 4956?
2, 3, 7, 59
What are the prime factors of 1072?
2, 67
What are the prime factors of 20514?
2, 3, 13, 263
What are the prime factors of 9208?
2, 1151
What are the prime factors of 1816?
2, 227
List the prime factors of 15129.
3, 41
List the prime factors of 2682.
2, 3, 149
What are the prime factors of 80527?
80527
List the prime factors of 15156.
2, 3, 421
List the prime factors of 8892.
2, 3, 13, 19
What are the prime factors of 19362?
2, 3, 7, 461
List the prime factors of 9.
3
What are the prime factors of 1708?
2, 7, 61
What are the prime factors of 46717?
11, 31, 137
What are the prime factors of 17016?
2, 3, 709
What are the prime factors of 97778?
2, 48889
What are the prime factors of 68824?
2, 7, 1229
List the prime factors of 22899.
3, 17, 449
What are the prime factors of 27833?
13, 2141
What are the prime factors of 5227?
5227
What are the prime factors of 2465?
5, 17, 29
What are the prime factors of 891?
3, 11
What are the prime factors of 5608?
2, 701
What are the prime factors of 10133?
10133
List the prime factors of 11005.
5, 31, 71
List the prime factors of 617.
617
What are the prime factors of 1333?
31, 43
What are the prime factors of 4534?
2, 2267
What are the prime factors of 7684?
2, 17, 113
List the prime factors of 11.
11
List the prime factors of 9767.
9767
List the prime factors of 2792.
2, 349
What are the prime factors of 4240?
2, 5, 53
What are the prime factors of 3861?
3, 11, 13
List the prime factors of 1572.
2, 3, 131
What are the prime factors of 24322?
2, 12161
What are the prime factors of 168?
2, 3, 7
What are the prime factors of 42325?
5, 1693
List the prime factors of 123101.
11, 19, 31
List the prime factors of 897.
3, 13, 23
List the prime factors of 92248.
2, 13, 887
List the prime factors of 1262.
2, 631
List the prime factors of 84781.
149, 569
List the prime factors of 524.
2, 131
What are the prime factors of 75131?
7, 10733
What are the prime factors of 9392?
2, 587
List the prime factors of 8242.
2, 13, 317
What are the prime factors of 1283?
1283
What are the prime factors of 4505?
5, 17, 53
List the prime factors of 16880.
2, 5, 211
What are the prime factors of 62256?
2, 3, 1297
What are the prime factors of 5465?
5, 1093
List the prime factors of 6009.
3, 2003
List the prime factors of 1682.
2, 29
List the prime factors of 72.
2, 3
List the prime factors of 76354.
2, 38177
What are the prime factors of 11268?
2, 3, 313
List the prime factors of 40225.
5, 1609
List the prime factors of 22573.
22573
List the prime factors of 91398.
2, 3, 15233
List the prime factors of 57924.
2, 3, 1609
List the prime factors of 6357.
3, 13, 163
List the prime factors of 1371.
3, 457
What are the prime factors of 42405?
3, 5, 11, 257
List the prime factors of 844.
2, 211
What are the prime factors of 670?
2, 5, 67
What are the prime factors of 15068?
2, 3767
What are the prime factors of 11528?
2, 11, 131
What are the prime factors of 7073?
11, 643
List the prime factors of 52206.
2, 3, 7, 11, 113
What are the prime factors of 80657?
80657
List the prime factors of 2490.
2, 3, 5, 83
What are the prime factors of 17606?
2, 8803
What are the prime factors of 4150?
2, 5, 83
What are the prime factors of 5213?
13, 401
What are the prime factors of 335?
5, 67
List the prime factors of 6706.
2, 7, 479
List the prime factors of 44058.
2, 3, 7, 1049
List the prime factors of 1937.
13, 149
What are the prime factors of 24715?
5, 4943
List the prime factors of 1404.
2, 3, 13
List the prime factors of 362.
2, 181
What are the prime factors of 11394?
2, 3, 211
What are the prime factors of 35472?
2, 3, 739
List the prime factors of 40891.
103, 397
List the prime factors of 1125.
3, 5
List the prime factors of 25490.
2, 5, 2549
What are the prime factors of 4179?
3, 7, 199
List the prime factors of 5313.
3, 7, 11, 23
What are the prime factors of 5840?
2, 5, 73
List the prime factors of 12077.
13, 929
What are the prime factors of 2106?
2, 3, 13
What are the prime factors of 373?
373
List the prime factors of 1040.
2, 5, 13
What are the prime factors of 3212?
2, 11, 73
List the prime factors of 7939.
17, 467
What are the prime factors of 44068?
2, 23, 479
What are the prime factors of 34744?
2, 43, 101
List the prime factors of 7425.
3, 5, 11
List the prime factors of 14746.
2, 73, 101
What are the prime factors of 12540?
2, 3, 5, 11, 19
What are the prime factors of 37094?
2, 17, 1091
What are the prime factors of 13069?
7, 1867
What are the prime factors of 2548?
2, 7, 13
List the prime factors of 3812.
2, 953
List the prime factors of 4514.
2, 37, 61
List the prime factors of 2043.
3, 227
List the prime factors of 3350.
2, 5, 67
What are the prime factors of 4921?
7, 19, 37
List the prime factors of 3093.
3, 1031
List the prime factors of 15259.
15259
What are the prime factors of 9124?
2, 2281
What are the prime factors of 20205?
3, 5, 449
List the prime factors of 3576.
2, 3, 149
What are the prime factors of 4790?
2, 5, 479
What are the prime fac